he remainder when m is divided by 8?
6
Suppose 2*t - s - 16 = -6*s, t = 4*s - 5. Suppose r - 302 = -3*v + t*r, -3*r = -2*v + 203. Calculate the remainder when 14 is divided by v/12 - 4/(-6).
5
Suppose -224 = -3*x - n, 2*x - 6*x + 295 = 5*n. Calculate the remainder when x is divided by 29.
17
Suppose 81 - 6 = 5*j. Suppose 8*l = 68 - 4. Calculate the remainder when j is divided by l.
7
Suppose 7*j + 0*j + 203 = 0. Let m = j - -57. What is the remainder when 81 is divided by m?
25
Calculate the remainder when 1294/7 + (-30)/35 is divided by 88.
8
Suppose -62 = 9*q - 10*q. Let v = 43 + -26. What is the remainder when q is divided by v?
11
Suppose -7 = -4*c + 161. Calculate the remainder when 158 is divided by c.
32
Suppose -d + 5 - 1 = 0. Let t = 9 + d. What is the remainder when t is divided by 7?
6
Let f(g) = -g - 1. Let q(w) = 2*w - 17. Let v(p) = -3*f(p) - q(p). Calculate the remainder when 370/6 + (-1)/(-3) is divided by v(-4).
14
Let v = 150 - 81. Suppose 0 = -2*c + 50 + 58. Suppose 0 = -0*w + 3*w - c. What is the remainder when v is divided by w?
15
Let g(r) = 15*r**2 + 2*r + 1. Suppose j + 4 = 0, 0 = -4*k + 5*j + 86 + 30. What is the remainder when k is divided by g(-1)?
10
Suppose -2*h - 3*s - 51 = 111, -s - 170 = 2*h. Let c = h - -220. What is the remainder when c is divided by 34?
31
Suppose 5*s - 819 = -227*b + 224*b, -2*s + 3*b = -336. Calculate the remainder when s is divided by 42.
39
Let i(n) = -n**2 + 16. Let d be i(0). Suppose -4*x = d, -k + 3*x = -3*k + 168. Calculate the remainder when k is divided by 31.
28
Let f be ((-18)/(-15))/(9/(-30)). Let r be 8/(2*2/f). What is the remainder when 21 is divided by 3/(1/r*-4)?
3
Let a = -339 - -345. Let g = -19 + 42. Let w = g + -12. What is the remainder when w is divided by a?
5
Let c(g) = 3*g - 2*g + 14 + 3*g - 10*g. What is the remainder when c(0) is divided by 5?
4
Let a = 1201 - 718. Calculate the remainder when a is divided by 27.
24
Suppose 0 = -5*q + 10, 2*q - 40 = -5*x + 49. What is the remainder when x is divided by 6?
5
Let y = 8 - 5. Suppose y*v = -4*n + 119, 3*n = -3*v + 87 + 36. What is the remainder when v is divided by 25?
20
Let j be -2 + 3 + -1 + -10. Let m = -6 - j. Suppose 3*z - 7*z = m*q - 104, 146 = 5*q + z. Calculate the remainder when q is divided by 16.
14
Suppose 5*x - 151 = 259. Let r = 152 + -84. Suppose 0 = q - 5*q + r. What is the remainder when x is divided by q?
14
Suppose 26 = -5*s - 4. Let d(z) = 2*z**2 + 11*z + 17. Let j = -15 + 27. Calculate the remainder when d(s) is divided by j.
11
Suppose -c - 81 = -y, 0 = -4*y - 2*c - 43 + 355. Suppose 265 = 4*x - 5*j + y, 0 = 3*x + 2*j - 151. Calculate the remainder when x is divided by 26.
23
What is the remainder when 1736/28*(1 + (-10)/(-4)) is divided by 11?
8
Let b(g) = 4*g**3 - 2*g**2 + 6*g + 28. What is the remainder when b(6) is divided by 39?
37
Suppose 3*t - 73 = 4*i, -5*t - i - i + 87 = 0. Suppose 0 = -3*r + 3038 - 3023. Calculate the remainder when t is divided by r.
4
Let y(l) = l**2 + 12*l - 76. Calculate the remainder when y(-20) is divided by 5.
4
Let h(r) be the first derivative of r**4/4 + 4*r**3 - 7*r**2 - 4*r - 1. Calculate the remainder when h(-13) is divided by 1*(-2 - -4 - -1).
0
Let l be (6/(-24))/(3/(-48)). Suppose l*c - 643 = -175. What is the remainder when c is divided by 30?
27
Let j = -74 + 83. What is the remainder when (176/(-6))/2*-3 is divided by j?
8
Suppose -5*l - 493 = -3*k, l - 290 = -3*k + 173. Calculate the remainder when k is divided by 32.
28
Suppose -g = 6 - 13. Let h = g - 5. Calculate the remainder when 11 is divided by h.
1
Let n = 317 + -234. What is the remainder when n is divided by 12?
11
Let i(a) = 75*a**2 + 2*a. Let g(k) = -226*k**2 - 7*k - 1. Let c(f) = 2*g(f) + 7*i(f). What is the remainder when c(-1) is divided by 9?
8
Let z(t) = -t**3 + 10*t**2 - 15*t - 7. Let u be z(8). Calculate the remainder when (-40 + u + -5)/(-1) is divided by (-4)/(-10) + 365/25.
14
Suppose 0 = 3*h + 2*m - 3*m - 60, -3*h + 60 = -4*m. Calculate the remainder when 16/h*-1*-5 is divided by 1.
0
Suppose 4*o = -4*d + 80, -3*d = -o + 3 - 71. Let n = 65 + -12. What is the remainder when n is divided by -3 - d/(-4)*4?
15
Let x(k) = -k + 13. Calculate the remainder when x(-8) is divided by (-1)/((20/(-48))/5).
9
Let q(w) = -80*w + 56. Calculate the remainder when q(-2) is divided by 20.
16
Suppose -9*q + 184 = -77. Calculate the remainder when 6453/63 + 5/(105/(-9)) is divided by q.
15
Let h(s) = -2*s**3 + 175*s**2 + 271*s - 337. What is the remainder when h(89) is divided by -1 + (15 - (-1 - -2))?
6
Suppose -4*h + 5 = -79. Calculate the remainder when (11/((-55)/410))/(-5 + 4) is divided by h.
19
Suppose 1358 = -9*t + 16*t. What is the remainder when t is divided by 66?
62
Suppose -n = 3*n - 20. Let x be (0/n)/(1 - 0). Suppose x*z + 88 = 4*z. Calculate the remainder when 43 is divided by z.
21
Let p(g) = 2*g + 10. Let m be p(-3). Suppose -m*s + 21 = -35. What is the remainder when s is divided by 5?
4
Let k(b) be the third derivative of 1/6*b**4 + 0*b + 4*b**2 - b**3 + 0. Calculate the remainder when k(3) is divided by 4.
2
Let z = -4563 + 4574. Let w(c) = 5*c**2 + 3*c - 4. Calculate the remainder when w(-3) is divided by z.
10
Let a be (0 + 23)/(-4*11/(-440)). Let l be (49/(-2))/(2/(-28)). Let q = l - a. What is the remainder when q is divided by 29?
26
Let s = -160 - -172. Suppose 75 = 3*t + 4*l, -5*t + 4*l + 72 = -t. What is the remainder when t is divided by s?
9
Let g(t) = -t**3 + 16*t**2 - t + 30. Let a be (36/(-30))/((-6)/80). What is the remainder when 2/(-9) - (-472)/18 is divided by g(a)?
12
Suppose -y - 8 = 3*y. What is the remainder when 12 is divided by 152/24 - (y/(-6) - 1)?
5
Let b(g) = -16*g + 465. Calculate the remainder when b(26) is divided by 14.
7
Let c(k) = -2*k**2 - 51*k + 19. Let o = 25 - 13. What is the remainder when c(-25) is divided by o?
8
Let c be (6/4)/(6/400). Suppose 3*r - 100 = -r + 4*w, 4*r = -4*w + c. Calculate the remainder when r is divided by 14.
11
Suppose -6*f - 2*f + 96 = 0. What is the remainder when 57 is divided by f?
9
Let v(d) = -d**2 - 9*d + 36. Calculate the remainder when v(-9) is divided by 11.
3
Let q = -1 - 5. What is the remainder when 7 is divided by 84/16 + q/24?
2
Suppose -6*j = -2*j - 276. Let u = j - 38. What is the remainder when u is divided by 11?
9
Let h be (8 - (3 + 0))*1. Suppose h*i = -i + 132. What is the remainder when 61 is divided by i?
17
Suppose -21*c - 4 = -19*c, -4*r - 4*c + 380 = 0. Calculate the remainder when r is divided by 33.
31
Let b(q) = -1 + 8*q**2 + 3 + q - 5*q**2 + q**2. Let g be b(-1). Suppose -v = -g - 8. Calculate the remainder when 24 is divided by v.
11
Let m(z) = z - 2. Let s be m(7). Let r = s - -19. Suppose 4*k - 12 = 0, -2*i + 2*k = -3*i + 19. Calculate the remainder when r is divided by i.
11
Suppose 2*y + 1 = 19. Let h(x) = 2*x**3 - 43*x**2 - 23*x + 35. Calculate the remainder when h(22) is divided by y.
4
Let q = 9 - -1. Let s be (2/(-6))/(1 + 8/(-12)). Let k = q - s. Calculate the remainder when 30 is divided by k.
8
Let o = 1223 + -998. Calculate the remainder when 459 is divided by o.
9
Let i = 24 + -19. Suppose -3*o + 2 = -c - 3, -c + 27 = i*o. Calculate the remainder when 12 is divided by c.
5
Suppose 2*k + 636 - 82 = 2*a, -2*a = -k - 552. What is the remainder when a is divided by 76?
47
Suppose 2*v - 5*o = 3, -2*v + o - 3*o + 24 = 0. Suppose -j = -0*j, 3*j - 8 = -2*p. What is the remainder when v is divided by 46/10 + p/10?
4
Let i be 4/18 + 22/(-18). Let q = 26 - i. What is the remainder when q is divided by 9*1/3*5?
12
Let g = 347 + -259. Calculate the remainder when 263 is divided by g.
87
Suppose 3*w + k = -55 + 196, 0 = 2*w - 2*k - 86. Calculate the remainder when w is divided by 17.
12
Suppose 0*k - 75 = -5*k. Let a = -113 + 170. Calculate the remainder when a is divided by k.
12
Let p be 153/(-34)*(-13 + (1 - 2)). Suppose 0*u - 9*u + p = 0. Let o(q) = 3*q**3 + 1. Calculate the remainder when o(2) is divided by u.
4
Let i(z) be the first derivative of z**2 - 16*z + 8. What is the remainder when 13 is divided by i(9)?
1
Let g = 997 - 773. What is the remainder when g is divided by 76?
72
What is the remainder when 1/4 + ((-22761)/(-12))/9 is divided by 71?
69
Let x = -34 - -353. W